{"id":53674,"date":"2025-09-25T16:39:14","date_gmt":"2025-09-25T07:39:14","guid":{"rendered":"https:\/\/lib.kobe-u.ac.jp\/libraries\/?page_id=53674"},"modified":"2025-09-25T17:11:43","modified_gmt":"2025-09-25T08:11:43","slug":"tenjilist202510","status":"publish","type":"page","link":"https:\/\/lib.kobe-u.ac.jp\/libraries\/list\/ningen\/tenjilist202510\/","title":{"rendered":"\u4eba\u9593\u79d1\u5b66\u56f3\u66f8\u9928\u5c55\u793a\u30ea\u30b9\u30c8\u300c\u30d5\u30a1\u30c3\u30b7\u30e7\u30f3\u306e\u3053\u3068\u304c\u3082\u3063\u3068\u308f\u304b\u308b\u672c\u300d2025\u5e7410\u6708-"},"content":{"rendered":"<h3>\u4eba\u9593\u79d1\u5b66\u56f3\u66f8\u9928\u5c55\u793a\u30ea\u30b9\u30c8\u300c\u30d5\u30a1\u30c3\u30b7\u30e7\u30f3\u306e\u3053\u3068\u304c\u3082\u3063\u3068\u308f\u304b\u308b\u672c\u300d2025\u5e7410\u6708-<\/h3>\n<div class='list-table'>\n<table>\n<thead>\n<tr>\n<th>NO.<\/th>\n<th>\u30bf\u30a4\u30c8\u30eb\u60c5\u5831<\/th>\n<th>\u8acb\u6c42\u8a18\u53f7<\/th>\n<\/tr>\n<\/thead>\n<tbody>\n<tr>\n<th>1<\/th>\n<td data-label1='\u30bf\u30a4\u30c8\u30eb\u60c5\u5831'><a class='link-open' href='https:\/\/op.lib.kobe-u.ac.jp\/opac\/opac_details\/?amode=11&amp;bibid=2002242565' target='_blank'>\u5973\u6027\u96d1\u8a8c\u3068\u30d5\u30a1\u30c3\u30b7\u30e7\u30f3\u306e\u6b74\u53f2\u793e\u4f1a\u5b66 : \u30d3\u30b8\u30e5\u30a2\u30eb\u30fb\u30d5\u30a1\u30c3\u30b7\u30e7\u30f3\u8a8c\u306e\u6210\u7acb \/ \u5742\u672c\u4f73\u9db4\u6075\u8457<\/a><\/td>\n<td data-label1='\u8acb\u6c42\u8a18\u53f7'>051.7-1<\/td>\n<\/tr>\n<tr>\n<th>2<\/th>\n<td data-label1='\u30bf\u30a4\u30c8\u30eb\u60c5\u5831'><a class='link-open' href='https:\/\/op.lib.kobe-u.ac.jp\/opac\/opac_details\/?amode=11&amp;bibid=2002214791' target='_blank'>\u8fd1\u4ee3\u7687\u65cf\u5983\u306e\u30d5\u30a1\u30c3\u30b7\u30e7\u30f3 \/ \u9752\u6728\u6df3\u5b50\u8457<\/a><\/td>\n<td data-label1='\u8acb\u6c42\u8a18\u53f7'>288.44-3<\/td>\n<\/tr>\n<tr>\n<th>3<\/th>\n<td data-label1='\u30bf\u30a4\u30c8\u30eb\u60c5\u5831'><a class='link-open' href='https:\/\/op.lib.kobe-u.ac.jp\/opac\/opac_details\/?amode=11&amp;bibid=2002119382' target='_blank'>\u30de\u30ea\u30fc\u30fb\u30a2\u30f3\u30c8\u30ef\u30cd\u30c3\u30c8 : \u30d5\u30a1\u30c3\u30b7\u30e7\u30f3\u3067\u4e16\u754c\u3092\u5909\u3048\u305f\u5973 \/ \u77f3\u4e95\u7f8e\u6a39\u5b50\u8457<\/a><\/td>\n<td data-label1='\u8acb\u6c42\u8a18\u53f7'>288.493-3<\/td>\n<\/tr>\n<tr>\n<th>4<\/th>\n<td data-label1='\u30bf\u30a4\u30c8\u30eb\u60c5\u5831'><a class='link-open' href='https:\/\/op.lib.kobe-u.ac.jp\/opac\/opac_details\/?amode=11&amp;bibid=2002207991' target='_blank'>\u30d5\u30a1\u30c3\u30b7\u30e7\u30f3\u3067\u793e\u4f1a\u5b66\u3059\u308b = Doing sociology through fashion \/ \u85e4\u7530\u7d50\u5b50, \u6210\u5b9f\u5f18\u81f3, \u8fbb\u6cc9\u7de8<\/a><\/td>\n<td data-label1='\u8acb\u6c42\u8a18\u53f7'>361.5-245<\/td>\n<\/tr>\n<tr>\n<th>5<\/th>\n<td data-label1='\u30bf\u30a4\u30c8\u30eb\u60c5\u5831'><a class='link-open' href='https:\/\/op.lib.kobe-u.ac.jp\/opac\/opac_details\/?amode=11&amp;bibid=2002347098' target='_blank'>\u30c7\u30b8\u30bf\u30eb\u793e\u4f1a\u306e\u591a\u69d8\u6027\u3068\u5275\u9020\u6027 : \u30b8\u30a7\u30f3\u30c0\u30fc\u30fb\u30e1\u30c7\u30a3\u30a2\u30fb\u30a2\u30fc\u30c8\u30fb\u30d5\u30a1\u30c3\u30b7\u30e7\u30f3 \/ \u7530\u4e2d\u6d0b\u7f8e, \u9ad8\u99ac\u4eac\u5b50, \u9ad8\u5cf0\u4fee\u7de8<\/a><\/td>\n<td data-label1='\u8acb\u6c42\u8a18\u53f7'>367.1-23<\/td>\n<\/tr>\n<tr>\n<th>6<\/th>\n<td data-label1='\u30bf\u30a4\u30c8\u30eb\u60c5\u5831'><a class='link-open' href='https:\/\/op.lib.kobe-u.ac.jp\/opac\/opac_details\/?amode=11&amp;bibid=2002037499' target='_blank'>\u4e16\u754c\u670d\u98fe\u53f2\u306e\u3059\u3079\u3066\u304c\u308f\u304b\u308b\u672c \/ \u80fd\u6ca2\u6167\u5b50\u76e3\u4fee<\/a><\/td>\n<td data-label1='\u8acb\u6c42\u8a18\u53f7'>383.1-83<\/td>\n<\/tr>\n<tr>\n<th>7<\/th>\n<td data-label1='\u30bf\u30a4\u30c8\u30eb\u60c5\u5831'><a class='link-open' href='https:\/\/op.lib.kobe-u.ac.jp\/opac\/opac_details\/?amode=11&amp;bibid=2002079868' target='_blank'>\u4e16\u754c\u306e\u304b\u308f\u3044\u3044\u6c11\u65cf\u8863\u88c5 \/ \u4e0a\u7fbd\u967d\u5b50\u76e3\u4fee<\/a><\/td>\n<td data-label1='\u8acb\u6c42\u8a18\u53f7'>383.1-97<\/td>\n<\/tr>\n<tr>\n<th>8<\/th>\n<td data-label1='\u30bf\u30a4\u30c8\u30eb\u60c5\u5831'><a class='link-open' href='https:\/\/op.lib.kobe-u.ac.jp\/opac\/opac_details\/?amode=11&amp;bibid=2002211293' target='_blank'>\u6d0b\u88c1\u6587\u5316\u3068\u65e5\u672c\u306e\u30d5\u30a1\u30c3\u30b7\u30e7\u30f3 \/ \u4e95\u4e0a\u96c5\u4eba\u8457<\/a><\/td>\n<td data-label1='\u8acb\u6c42\u8a18\u53f7'>383.1-100<\/td>\n<\/tr>\n<tr>\n<th>9<\/th>\n<td data-label1='\u30bf\u30a4\u30c8\u30eb\u60c5\u5831'><a class='link-open' href='https:\/\/op.lib.kobe-u.ac.jp\/opac\/opac_details\/?amode=11&amp;bibid=2002234062' target='_blank'>\u30e8\u30fc\u30ed\u30c3\u30d1\u670d\u98fe\u7269\u8a9e \/ \u5185\u6751\u7406\u5948\u8457<\/a><\/td>\n<td data-label1='\u8acb\u6c42\u8a18\u53f7'>383.1-102<\/td>\n<\/tr>\n<tr>\n<th>10<\/th>\n<td data-label1='\u30bf\u30a4\u30c8\u30eb\u60c5\u5831'><a class='link-open' href='https:\/\/op.lib.kobe-u.ac.jp\/opac\/opac_details\/?amode=11&amp;bibid=2002246176' target='_blank'>\u8ee2\u751f\u3059\u308b\u30e2\u30fc\u30c9 : \u30c7\u30b8\u30bf\u30eb\u30e1\u30c7\u30a3\u30a2\u6642\u4ee3\u306e\u30d5\u30a1\u30c3\u30b7\u30e7\u30f3 \/ \u65e5\u672c\u8a18\u53f7\u5b66\u4f1a\u7de8<\/a><\/td>\n<td data-label1='\u8acb\u6c42\u8a18\u53f7'>383.1-103<\/td>\n<\/tr>\n<tr>\n<th>11<\/th>\n<td data-label1='\u30bf\u30a4\u30c8\u30eb\u60c5\u5831'><a class='link-open' href='https:\/\/op.lib.kobe-u.ac.jp\/opac\/opac_details\/?amode=11&amp;bibid=2002249005' target='_blank'>\u9ed2\u306e\u670d\u98fe\u53f2 \/ \u5fb3\u4e95\u6dd1\u5b50\u8457<\/a><\/td>\n<td data-label1='\u8acb\u6c42\u8a18\u53f7'>383.1-104<\/td>\n<\/tr>\n<tr>\n<th>12<\/th>\n<td data-label1='\u30bf\u30a4\u30c8\u30eb\u60c5\u5831'><a class='link-open' href='https:\/\/op.lib.kobe-u.ac.jp\/opac\/opac_details\/?amode=11&amp;bibid=2002250291' target='_blank'>\u30e1\u30a4\u30c9\u670d\u3068\u30ec\u30a4\u30f3\u30b3\u30fc\u30c8 : \u30d6\u30ea\u30c6\u30a3\u30c3\u30b7\u30e5\u30fb\u30d5\u30a1\u30c3\u30b7\u30e7\u30f3\u306e\u8a95\u751f \/ \u5742\u4e95\u5999\u5b50\u8457<\/a><\/td>\n<td data-label1='\u8acb\u6c42\u8a18\u53f7'>383.1-105<\/td>\n<\/tr>\n<tr>\n<th>13<\/th>\n<td data-label1='\u30bf\u30a4\u30c8\u30eb\u60c5\u5831'><a class='link-open' href='https:\/\/op.lib.kobe-u.ac.jp\/opac\/opac_details\/?amode=11&amp;bibid=2002250338' target='_blank'>\u30e2\u30fc\u30c9\u306e\u8a98\u60d1 \/ \u5c71\u7530\u767b\u4e16\u5b50\u8457<\/a><\/td>\n<td data-label1='\u8acb\u6c42\u8a18\u53f7'>383.1-106<\/td>\n<\/tr>\n<tr>\n<th>14<\/th>\n<td data-label1='\u30bf\u30a4\u30c8\u30eb\u60c5\u5831'><a class='link-open' href='https:\/\/op.lib.kobe-u.ac.jp\/opac\/opac_details\/?amode=11&amp;bibid=2002272365' target='_blank'>\u8fd1\u4ee3\u65e5\u672c\u3068\u4e2d\u56fd\u306e\u88c5\u3044\u306e\u4ea4\u6d41\u53f2 : \u8eab\u88c5\u6587\u5316\u306e\u76f8\u4e92\u8a8d\u8b58\u304b\u3089\u76f8\u4e92\u6442\u53d6\u307e\u3067 \/ \u5289\u73b2\u82b3\u8457<\/a><\/td>\n<td data-label1='\u8acb\u6c42\u8a18\u53f7'>383.1-110A<\/td>\n<\/tr>\n<tr>\n<th>15<\/th>\n<td data-label1='\u30bf\u30a4\u30c8\u30eb\u60c5\u5831'><a class='link-open' href='https:\/\/op.lib.kobe-u.ac.jp\/opac\/opac_details\/?amode=11&amp;bibid=2002312784' target='_blank'>\u540d\u753b\u306e\u30c9\u30ec\u30b9 : \u62e1\u5927\u3067\u307f\u308b60\u306e\u670d\u98fe\u5c0f\u4e8b\u5178 = Les robes dans les tableaux c\u00e9l\u00e8bres : petit dictionnaire de 60 d\u00e9tails des v\u00eatements \/ \u5185\u6751\u7406\u5948\u8457<\/a><\/td>\n<td data-label1='\u8acb\u6c42\u8a18\u53f7'>383.1-115<\/td>\n<\/tr>\n<tr>\n<th>16<\/th>\n<td data-label1='\u30bf\u30a4\u30c8\u30eb\u60c5\u5831'><a class='link-open' href='https:\/\/op.lib.kobe-u.ac.jp\/opac\/opac_details\/?amode=11&amp;bibid=2002328561' target='_blank'>\u30b8\u30e3\u30d1\u30f3\u30d5\u30a1\u30c3\u30b7\u30e7\u30f3\u30af\u30ed\u30cb\u30af\u30eb\u30a4\u30f3\u30b5\u30a4\u30c8\u30ac\u30a4\u30c9 : \u65e5\u672c\u73fe\u4ee3\u670d\u98fe\u6587\u5316\u53f2 : 1945\u301c2021 \/ \u65e5\u672c\u670d\u98fe\u6587\u5316\u632f\u8208\u8ca1\u56e3 [\u7de8]<\/a><\/td>\n<td data-label1='\u8acb\u6c42\u8a18\u53f7'>383.1-116<\/td>\n<\/tr>\n<tr>\n<th>17<\/th>\n<td data-label1='\u30bf\u30a4\u30c8\u30eb\u60c5\u5831'><a class='link-open' href='https:\/\/op.lib.kobe-u.ac.jp\/opac\/opac_details\/?amode=11&amp;bibid=2002347092' target='_blank'>\u6771\u5927\u30d5\u30a1\u30c3\u30b7\u30e7\u30f3\u8ad6\u96c6\u4e2d\u8b1b\u7fa9 \/ \u5e73\u82b3\u88d5\u5b50\u8457<\/a><\/td>\n<td data-label1='\u8acb\u6c42\u8a18\u53f7'>383.1-117A<\/td>\n<\/tr>\n<tr>\n<th>18<\/th>\n<td data-label1='\u30bf\u30a4\u30c8\u30eb\u60c5\u5831'><a class='link-open' href='https:\/\/op.lib.kobe-u.ac.jp\/opac\/opac_details\/?amode=11&amp;bibid=2002349507' target='_blank'>\u65e5\u672c\u30d5\u30a1\u30c3\u30b7\u30e7\u30f3\u306e\u4e00\u4e94\u3007\u5e74 : \u660e\u6cbb\u304b\u3089\u73fe\u4ee3\u307e\u3067 \/ \u5e73\u82b3\u88d5\u5b50\u8457<\/a><\/td>\n<td data-label1='\u8acb\u6c42\u8a18\u53f7'>383.1-118A<\/td>\n<\/tr>\n<tr>\n<th>19<\/th>\n<td data-label1='\u30bf\u30a4\u30c8\u30eb\u60c5\u5831'><a class='link-open' href='https:\/\/op.lib.kobe-u.ac.jp\/opac\/opac_details\/?amode=11&amp;bibid=2002198040' target='_blank'>\u5e1d\u56fd\u65e5\u672c\u306e\u5927\u793c\u670d : \u56fd\u5bb6\u6a29\u5a01\u306e\u8868\u8c61 \/ \u5211\u90e8\u82b3\u5247\u8457<\/a><\/td>\n<td data-label1='\u8acb\u6c42\u8a18\u53f7'>383.14-2<\/td>\n<\/tr>\n<tr>\n<th>20<\/th>\n<td data-label1='\u30bf\u30a4\u30c8\u30eb\u60c5\u5831'><a class='link-open' href='https:\/\/op.lib.kobe-u.ac.jp\/opac\/opac_details\/?amode=11&amp;bibid=2002176194' target='_blank'>\u662d\u548c\u30e2\u30c0\u30f3\u30ad\u30e2\u30ce : \u6292\u60c5\u753b\u306b\u5b66\u3076\u7740\u3053\u306a\u3057\u8853 \/ \u4e2d\u6751\u572d\u5b50\u7de8<\/a><\/td>\n<td data-label1='\u8acb\u6c42\u8a18\u53f7'>383.15-18<\/td>\n<\/tr>\n<tr>\n<th>21<\/th>\n<td data-label1='\u30bf\u30a4\u30c8\u30eb\u60c5\u5831'><a class='link-open' href='https:\/\/op.lib.kobe-u.ac.jp\/opac\/opac_details\/?amode=11&amp;bibid=2002241959' target='_blank'>\u30f4\u30a3\u30af\u30c8\u30ea\u30a2\u671d\u306e\u5973\u6027\u305f\u3061 : \u30d5\u30a1\u30c3\u30b7\u30e7\u30f3\u3068\u30ec\u30b8\u30e3\u30fc\u306e\u6b74\u53f2 \/ \u5c71\u6751\u660e\u5b50\u8457<\/a><\/td>\n<td data-label1='\u8acb\u6c42\u8a18\u53f7'>383.15-19A<\/td>\n<\/tr>\n<tr>\n<th>22<\/th>\n<td data-label1='\u30bf\u30a4\u30c8\u30eb\u60c5\u5831'><a class='link-open' href='https:\/\/op.lib.kobe-u.ac.jp\/opac\/opac_details\/?amode=11&amp;bibid=2002287169' target='_blank'>\u30c1\u30e3\u30a4\u30ca\u30c9\u30ec\u30b9\u5927\u5168 : \u6587\u5316\u30fb\u6b74\u53f2\u30fb\u601d\u60f3 \/ \u8b1d\u9ece\u8457<\/a><\/td>\n<td data-label1='\u8acb\u6c42\u8a18\u53f7'>383.15-21<\/td>\n<\/tr>\n<tr>\n<th>23<\/th>\n<td data-label1='\u30bf\u30a4\u30c8\u30eb\u60c5\u5831'><a class='link-open' href='https:\/\/op.lib.kobe-u.ac.jp\/opac\/opac_details\/?amode=11&amp;bibid=2002301496' target='_blank'>\u30bb\u30fc\u30e9\u30fc\u670d\u306e\u8a95\u751f : \u5973\u5b50\u6821\u5236\u670d\u306e\u8fd1\u4ee3\u53f2 \/ \u5211\u90e8\u82b3\u5247\u8457<\/a><\/td>\n<td data-label1='\u8acb\u6c42\u8a18\u53f7'>383.15-22<\/td>\n<\/tr>\n<tr>\n<th>24<\/th>\n<td data-label1='\u30bf\u30a4\u30c8\u30eb\u60c5\u5831'><a class='link-open' href='https:\/\/op.lib.kobe-u.ac.jp\/opac\/opac_details\/?amode=11&amp;bibid=2002308793' target='_blank'>\u30d5\u30a1\u30c3\u30b7\u30e7\u30f3\u3068\u30c6\u30af\u30ce\u30ed\u30b8\u30fc : \u82f1\u56fd\u30f4\u30a3\u30af\u30c8\u30ea\u30a2\u671d\u30df\u30c9\u30eb\u30af\u30e9\u30b9\u306e\u8863\u751f\u6d3b\u306e\u5909\u5bb9 \/ \u9577\u8c37\u90e8\u5bff\u5973\u58eb\u8457<\/a><\/td>\n<td data-label1='\u8acb\u6c42\u8a18\u53f7'>383.15-23<\/td>\n<\/tr>\n<tr>\n<th>25<\/th>\n<td data-label1='\u30bf\u30a4\u30c8\u30eb\u60c5\u5831'><a class='link-open' href='https:\/\/op.lib.kobe-u.ac.jp\/opac\/opac_details\/?amode=11&amp;bibid=2002351826' target='_blank'>\u30b9\u30ab\u30fc\u30c8\u3068\u5973\u6027\u306e\u6b74\u53f2 : \u30d5\u30a1\u30c3\u30b7\u30e7\u30f3\u3068\u5973\u3089\u3057\u3055\u306e\u4e8c\u3007\u4e16\u7d00\u306e\u7269\u8a9e \/ \u30ad\u30f3\u30d0\u30ea\u30fc\u30fb\u30af\u30ea\u30b9\u30de\u30f3=\u30ad\u30e3\u30f3\u30d9\u30eb\u8457<\/a><\/td>\n<td data-label1='\u8acb\u6c42\u8a18\u53f7'>383.15-24<\/td>\n<\/tr>\n<tr>\n<th>26<\/th>\n<td data-label1='\u30bf\u30a4\u30c8\u30eb\u60c5\u5831'><a class='link-open' href='https:\/\/op.lib.kobe-u.ac.jp\/opac\/opac_details\/?amode=11&amp;bibid=2002184254' target='_blank'>\u3053\u3069\u3082\u670d\u306e\u6b74\u53f2 \/ \u30a8\u30ea\u30b6\u30d9\u30b9\u30fb\u30e6\u30a6\u30a3\u30f3\u30b0\u8457<\/a><\/td>\n<td data-label1='\u8acb\u6c42\u8a18\u53f7'>383.16-2<\/td>\n<\/tr>\n<tr>\n<th>27<\/th>\n<td data-label1='\u30bf\u30a4\u30c8\u30eb\u60c5\u5831'><a class='link-open' href='https:\/\/op.lib.kobe-u.ac.jp\/opac\/opac_details\/?amode=11&amp;bibid=2002084432' target='_blank'>\u670d\u3092\u4f5c\u308b : \u30e2\u30fc\u30c9\u3092\u8d85\u3048\u3066 \/ \u5c71\u672c\u8000\u53f8\u8457<\/a><\/td>\n<td data-label1='\u8acb\u6c42\u8a18\u53f7'>589.2-62<\/td>\n<\/tr>\n<tr>\n<th>28<\/th>\n<td data-label1='\u30bf\u30a4\u30c8\u30eb\u60c5\u5831'><a class='link-open' href='https:\/\/op.lib.kobe-u.ac.jp\/opac\/opac_details\/?amode=11&amp;bibid=2002139258' target='_blank'>All about Yohji Yamamoto from 1968 : \u5c71\u672c\u8000\u53f8\u3002\u30e2\u30fc\u30c9\u306e\u8a18\u9332\u3002 : \u30e2\u30fc\u30c9\u306e\u610f\u5473\u3092\u5909\u3048\u305f\u5c71\u672c\u8000\u53f8\u306e\u8db3\u8de1\u3092\u63a2\u3057\u3066\u3002 \/ \u7530\u53e3\u6dd1\u5b50\u7de8\u96c6<\/a><\/td>\n<td data-label1='\u8acb\u6c42\u8a18\u53f7'>589.2-76<\/td>\n<\/tr>\n<tr>\n<th>29<\/th>\n<td data-label1='\u30bf\u30a4\u30c8\u30eb\u60c5\u5831'><a class='link-open' href='https:\/\/op.lib.kobe-u.ac.jp\/opac\/opac_details\/?amode=11&amp;bibid=2002074215' target='_blank'>\u30e2\u30fc\u30c9\u306e\u7269\u8a9e : \u30d1\u30ea\u30fb\u30d6\u30e9\u30f3\u30c9\u306f\u3044\u304b\u306b\u3057\u3066\u5275\u3089\u308c\u305f\u304b \/ \u30c7\u30a3\u30c7\u30a3\u30a8\u30fb\u30b0\u30e9\u30f3\u30d0\u30c3\u30af\u8457<\/a><\/td>\n<td data-label1='\u8acb\u6c42\u8a18\u53f7'>589.2-78<\/td>\n<\/tr>\n<tr>\n<th>30<\/th>\n<td data-label1='\u30bf\u30a4\u30c8\u30eb\u60c5\u5831'><a class='link-open' href='https:\/\/op.lib.kobe-u.ac.jp\/opac\/opac_details\/?amode=11&amp;bibid=2002218159' target='_blank'>\u30e2\u30fc\u30c9\u8a8c\u30af\u30ed\u30ce\u30ed\u30b8\u30fc : \u4e16\u754c\u3068\u65e5\u672c\u3092\u8aad\u307f\u89e3\u304f \/ \u6a2a\u4e95\u7531\u5229\u8457<\/a><\/td>\n<td data-label1='\u8acb\u6c42\u8a18\u53f7'>589.2-83<\/td>\n<\/tr>\n<tr>\n<th>31<\/th>\n<td data-label1='\u30bf\u30a4\u30c8\u30eb\u60c5\u5831'><a class='link-open' href='https:\/\/op.lib.kobe-u.ac.jp\/opac\/opac_details\/?amode=11&amp;bibid=2002234059' target='_blank'>\u307e\u306a\u3056\u3057\u306e\u88c5\u7f6e : \u30d5\u30a1\u30c3\u30b7\u30e7\u30f3\u3068\u8fd1\u4ee3\u30a2\u30e1\u30ea\u30ab \/ \u5e73\u82b3\u88d5\u5b50\u8457<\/a><\/td>\n<td data-label1='\u8acb\u6c42\u8a18\u53f7'>589.2-84<\/td>\n<\/tr>\n<tr>\n<th>32<\/th>\n<td data-label1='\u30bf\u30a4\u30c8\u30eb\u60c5\u5831'><a class='link-open' href='https:\/\/op.lib.kobe-u.ac.jp\/opac\/opac_details\/?amode=11&amp;bibid=2002209157' target='_blank'>\u30d5\u30a1\u30c3\u30b7\u30e7\u30f3\u30ed\u30fc \/ \u89d2\u7530\u653f\u82b3, \u95a2\u771f\u4e5f\u8457<\/a><\/td>\n<td data-label1='\u8acb\u6c42\u8a18\u53f7'>589.2-85<\/td>\n<\/tr>\n<tr>\n<th>33<\/th>\n<td data-label1='\u30bf\u30a4\u30c8\u30eb\u60c5\u5831'><a class='link-open' href='https:\/\/op.lib.kobe-u.ac.jp\/opac\/opac_details\/?amode=11&amp;bibid=2002261053' target='_blank'>\u30d5\u30a1\u30c3\u30b7\u30e7\u30f3\u306e\u54f2\u5b66 \/ \u4e95\u4e0a\u96c5\u4eba\u8457<\/a><\/td>\n<td data-label1='\u8acb\u6c42\u8a18\u53f7'>589.2-86<\/td>\n<\/tr>\n<tr>\n<th>34<\/th>\n<td data-label1='\u30bf\u30a4\u30c8\u30eb\u60c5\u5831'><a class='link-open' href='https:\/\/op.lib.kobe-u.ac.jp\/opac\/opac_details\/?amode=11&amp;bibid=2002302867' target='_blank'>\u30d5\u30a1\u30c3\u30b7\u30e7\u30f3\u30b9\u30bf\u30c7\u30a3\u30fc\u30ba : \u79c1\u3068\u793e\u4f1a\u3068\u8863\u670d\u306e\u95a2\u4fc2 \/ \u8606\u7530\u88d5\u53f2, \u85e4\u5d8b\u967d\u5b50, \u5bae\u8107\u5343\u7d75\u7de8<\/a><\/td>\n<td data-label1='\u8acb\u6c42\u8a18\u53f7'>589.2-88<\/td>\n<\/tr>\n<tr>\n<th>35<\/th>\n<td data-label1='\u30bf\u30a4\u30c8\u30eb\u60c5\u5831'><a class='link-open' href='https:\/\/op.lib.kobe-u.ac.jp\/opac\/opac_details\/?amode=11&amp;bibid=2002310883' target='_blank'>\u696d\u754c\u30de\u30a4\u30b9\u30bf\u30fc\u306b\u5b66\u3076\u30a2\u30d1\u30ec\u30eb\u306e\u57fa\u790e\u8b1b\u5ea7 \/ \u65e5\u672c\u7e4a\u7dad\u6280\u8853\u58eb\u30bb\u30f3\u30bf\u30fc\u7de8\u96c6<\/a><\/td>\n<td data-label1='\u8acb\u6c42\u8a18\u53f7'>589.2-89<\/td>\n<\/tr>\n<tr>\n<th>36<\/th>\n<td data-label1='\u30bf\u30a4\u30c8\u30eb\u60c5\u5831'><a class='link-open' href='https:\/\/op.lib.kobe-u.ac.jp\/opac\/opac_details\/?amode=11&amp;bibid=2002328565' target='_blank'>\u3082\u3046\u4e00\u3064\u306e\u8863\u670d\u3001\u30db\u30fc\u30e0\u30a6\u30a8\u30a2 : \u5bb6\u3067\u7740\u308b\u30a2\u30d1\u30ec\u30eb\u53f2 \/ \u6b66\u7530\u5c1a\u5b50 [\u8457]<\/a><\/td>\n<td data-label1='\u8acb\u6c42\u8a18\u53f7'>589.2-92<\/td>\n<\/tr>\n<tr>\n<th>37<\/th>\n<td data-label1='\u30bf\u30a4\u30c8\u30eb\u60c5\u5831'><a class='link-open' href='https:\/\/op.lib.kobe-u.ac.jp\/opac\/opac_details\/?amode=11&amp;bibid=2002347120' target='_blank'>\u30d5\u30a1\u30c3\u30b7\u30e7\u30f3\u30d2\u30b9\u30c8\u30ea\u30fc1850-2020 : \u30e2\u30fc\u30c9\u306e\u8a95\u751f\u304b\u3089\u4eca\u65e5\u307e\u3067\u3001\u670d\u98fe\u6d41\u884c\u306e\u5909\u9077\u53f2 \/ \u56fd\u969b\u30d5\u30a1\u30c3\u30b7\u30e7\u30f3\u5c02\u9580\u8077\u5927\u5b66(PIIF)\u7de8<\/a><\/td>\n<td data-label1='\u8acb\u6c42\u8a18\u53f7'>589.2-94<\/td>\n<\/tr>\n<tr>\n<th>38<\/th>\n<td data-label1='\u30bf\u30a4\u30c8\u30eb\u60c5\u5831'><a class='link-open' href='https:\/\/op.lib.kobe-u.ac.jp\/opac\/opac_details\/?amode=11&amp;bibid=2002347208' target='_blank'>\u6642\u4ee3\u3092\u5909\u3048\u305f\u30df\u30cb\u306e\u5973\u738b\u30de\u30ea\u30fc\u30fb\u30af\u30ef\u30f3\u30c8 \/ \u30b8\u30a7\u30cb\u30fc\u30fb\u30ea\u30b9\u30bf\u30fc\u8457 ; \u77f3\u7530\u4e9c\u77e2\u5b50\u8a33<\/a><\/td>\n<td data-label1='\u8acb\u6c42\u8a18\u53f7'>589.2-95<\/td>\n<\/tr>\n<tr>\n<th>39<\/th>\n<td data-label1='\u30bf\u30a4\u30c8\u30eb\u60c5\u5831'><a class='link-open' href='https:\/\/op.lib.kobe-u.ac.jp\/opac\/opac_details\/?amode=11&amp;bibid=2002360807' target='_blank'>\u308f\u305f\u3057\u306e\u670d\u306e\u898b\u3064\u3051\u304b\u305f : \u30af\u30ec\u30a2\u30fb\u30de\u30c3\u30ab\u30fc\u30c7\u30eb\u306e\u30d5\u30a1\u30c3\u30b7\u30e7\u30f3\u54f2\u5b66 \/ \u30af\u30ec\u30a2\u30fb\u30de\u30c3\u30ab\u30fc\u30c7\u30eb\u8457<\/a><\/td>\n<td data-label1='\u8acb\u6c42\u8a18\u53f7'>589.2-99<\/td>\n<\/tr>\n<tr>\n<th>40<\/th>\n<td data-label1='\u30bf\u30a4\u30c8\u30eb\u60c5\u5831'><a class='link-open' href='https:\/\/op.lib.kobe-u.ac.jp\/opac\/opac_details\/?amode=11&amp;bibid=2002360810' target='_blank'>\u30e2\u30c0\u30f3\u30fb\u30d5\u30a1\u30c3\u30b7\u30e7\u30f3\u306e\u30d1\u30a4\u30aa\u30cb\u30a2\u7530\u4e2d\u5343\u4ee3 \/ \u672c\u6a4b\u5f25\u751f\u8457 = Chiyo Tanaka the pioneer of modern fashion \/ Yayoi Motohashi<\/a><\/td>\n<td data-label1='\u8acb\u6c42\u8a18\u53f7'>589.2-100<\/td>\n<\/tr>\n<tr>\n<th>41<\/th>\n<td data-label1='\u30bf\u30a4\u30c8\u30eb\u60c5\u5831'><a class='link-open' href='https:\/\/op.lib.kobe-u.ac.jp\/opac\/opac_details\/?amode=11&amp;bibid=2002360813' target='_blank'>\u300c\u30a4\u30ce\u30d9\u30fc\u30bf\u30fc\u300d\u3067\u8aad\u3080\u30a2\u30d1\u30ec\u30eb\u5168\u53f2 = Apparel Innovators \/ \u4e2d\u91ce\u9999\u7e54 [\u8457]<\/a><\/td>\n<td data-label1='\u8acb\u6c42\u8a18\u53f7'>589.2-101<\/td>\n<\/tr>\n<tr>\n<th>42<\/th>\n<td data-label1='\u30bf\u30a4\u30c8\u30eb\u60c5\u5831'><a class='link-open' href='https:\/\/op.lib.kobe-u.ac.jp\/opac\/opac_details\/?amode=11&amp;bibid=2002361004' target='_blank'>\u30d5\u30a1\u30c3\u30b7\u30e7\u30f3\u30bb\u30aa\u30ea\u30fc : \u30f4\u30a1\u30ec\u30ea\u30fc\u30fb\u30b9\u30c6\u30a3\u30fc\u30eb\u8457\u4f5c\u9078\u96c6 \/ \u30f4\u30a1\u30ec\u30ea\u30fc\u30fb \u30b9\u30c6\u30a3\u30fc\u30eb [\u8457]<\/a><\/td>\n<td data-label1='\u8acb\u6c42\u8a18\u53f7'>589.2-102<\/td>\n<\/tr>\n<\/tbody>\n<\/table>\n<\/div>\n","protected":false},"excerpt":{"rendered":"<p>\u4eba\u9593\u79d1\u5b66\u56f3\u66f8\u9928\u5c55\u793a\u30ea\u30b9\u30c8\u300c\u30d5\u30a1\u30c3\u30b7\u30e7\u30f3\u306e\u3053\u3068\u304c\u3082\u3063\u3068\u308f\u304b\u308b\u672c\u300d2025\u5e7410\u6708- NO. \u30bf\u30a4\u30c8\u30eb\u60c5\u5831 \u8acb\u6c42\u8a18\u53f7 1 \u5973\u6027\u96d1\u8a8c\u3068\u30d5\u30a1\u30c3\u30b7\u30e7\u30f3\u306e\u6b74\u53f2\u793e\u4f1a\u5b66 : \u30d3\u2026<\/p>\n","protected":false},"author":8,"featured_media":0,"parent":14,"menu_order":0,"comment_status":"closed","ping_status":"closed","template":"page-templates\/full-width.php","meta":{"_locale":"ja","_original_post":"https:\/\/lib.kobe-u.ac.jp\/libraries\/?page_id=53674","footnotes":""},"class_list":["post-53674","page","type-page","status-publish","hentry","ja"],"aioseo_notices":[],"_links":{"self":[{"href":"https:\/\/lib.kobe-u.ac.jp\/libraries\/wp-json\/wp\/v2\/pages\/53674","targetHints":{"allow":["GET"]}}],"collection":[{"href":"https:\/\/lib.kobe-u.ac.jp\/libraries\/wp-json\/wp\/v2\/pages"}],"about":[{"href":"https:\/\/lib.kobe-u.ac.jp\/libraries\/wp-json\/wp\/v2\/types\/page"}],"author":[{"embeddable":true,"href":"https:\/\/lib.kobe-u.ac.jp\/libraries\/wp-json\/wp\/v2\/users\/8"}],"replies":[{"embeddable":true,"href":"https:\/\/lib.kobe-u.ac.jp\/libraries\/wp-json\/wp\/v2\/comments?post=53674"}],"version-history":[{"count":1,"href":"https:\/\/lib.kobe-u.ac.jp\/libraries\/wp-json\/wp\/v2\/pages\/53674\/revisions"}],"predecessor-version":[{"id":53675,"href":"https:\/\/lib.kobe-u.ac.jp\/libraries\/wp-json\/wp\/v2\/pages\/53674\/revisions\/53675"}],"up":[{"embeddable":true,"href":"https:\/\/lib.kobe-u.ac.jp\/libraries\/wp-json\/wp\/v2\/pages\/14"}],"wp:attachment":[{"href":"https:\/\/lib.kobe-u.ac.jp\/libraries\/wp-json\/wp\/v2\/media?parent=53674"}],"curies":[{"name":"wp","href":"https:\/\/api.w.org\/{rel}","templated":true}]}}